 factors of 1172509.
13, 19, 47, 101
List the prime factors of 2503455.
3, 5, 47, 53, 67
List the prime factors of 4624606.
2, 7, 330329
List the prime factors of 897736.
2, 7, 17, 23, 41
What are the prime factors of 227303?
227303
What are the prime factors of 970921?
7, 17, 41, 199
List the prime factors of 528648.
2, 3, 22027
List the prime factors of 3358552.
2, 23, 18253
List the prime factors of 368787.
3, 122929
What are the prime factors of 59944?
2, 59, 127
What are the prime factors of 4099689?
3, 11, 41411
List the prime factors of 2021567.
2021567
List the prime factors of 2606807.
7, 372401
List the prime factors of 22449721.
7, 257, 12479
What are the prime factors of 4891165?
5, 978233
List the prime factors of 951106.
2, 13, 157, 233
List the prime factors of 2246172.
2, 3, 187181
What are the prime factors of 1100553?
3, 366851
What are the prime factors of 82399?
17, 37, 131
List the prime factors of 13209206.
2, 6604603
What are the prime factors of 120384?
2, 3, 11, 19
What are the prime factors of 7766140?
2, 5, 89, 4363
List the prime factors of 16600577.
7, 2371511
List the prime factors of 8982035.
5, 17, 251, 421
List the prime factors of 931768.
2, 116471
List the prime factors of 321112.
2, 11, 41, 89
List the prime factors of 854521.
281, 3041
List the prime factors of 364278.
2, 3, 109, 557
List the prime factors of 275959.
163, 1693
List the prime factors of 215459.
215459
What are the prime factors of 27407?
27407
List the prime factors of 187698.
2, 3, 7, 41, 109
What are the prime factors of 497191?
23, 21617
What are the prime factors of 84756?
2, 3, 7, 1009
List the prime factors of 510000.
2, 3, 5, 17
What are the prime factors of 836861?
836861
What are the prime factors of 16387?
7, 2341
List the prime factors of 296437.
296437
What are the prime factors of 91188?
2, 3, 17, 149
List the prime factors of 433185.
3, 5, 28879
List the prime factors of 4386385.
5, 41, 21397
What are the prime factors of 190317?
3, 63439
List the prime factors of 1097295.
3, 5, 191, 383
List the prime factors of 2337477.
3, 779159
List the prime factors of 40478960.
2, 5, 223, 2269
What are the prime factors of 223842?
2, 3, 37307
List the prime factors of 295716.
2, 3, 19, 1297
What are the prime factors of 3375?
3, 5
List the prime factors of 40525164.
2, 3, 375233
List the prime factors of 25381496.
2, 7, 29, 15629
What are the prime factors of 2896328?
2, 47, 7703
What are the prime factors of 2712790?
2, 5, 271279
What are the prime factors of 76715?
5, 67, 229
What are the prime factors of 2324709?
3, 43, 6007
List the prime factors of 79048.
2, 41, 241
What are the prime factors of 76842?
2, 3, 1423
List the prime factors of 182874.
2, 3, 29, 1051
List the prime factors of 922981.
17, 54293
List the prime factors of 62540.
2, 5, 53, 59
List the prime factors of 415509.
3, 43, 3221
What are the prime factors of 254155?
5, 11, 4621
List the prime factors of 5603116.
2, 239, 5861
What are the prime factors of 2292629?
347, 6607
What are the prime factors of 33774?
2, 3, 13, 433
What are the prime factors of 2554340?
2, 5, 127717
List the prime factors of 1234241.
1234241
What are the prime factors of 521939?
11, 23, 2063
List the prime factors of 9949619.
9949619
List the prime factors of 670455.
3, 5, 47, 317
What are the prime factors of 72615?
3, 5, 47, 103
What are the prime factors of 623058?
2, 3, 103843
What are the prime factors of 352651?
13, 27127
What are the prime factors of 6857?
6857
What are the prime factors of 848668?
2, 212167
List the prime factors of 6183803.
23, 268861
What are the prime factors of 976331?
47, 20773
List the prime factors of 676831.
29, 23339
List the prime factors of 23617506.
2, 3, 11, 32531
What are the prime factors of 1082058?
2, 3, 23, 7841
List the prime factors of 4313979.
3, 41, 433
List the prime factors of 36393619.
59, 616841
List the prime factors of 221942.
2, 7, 83, 191
List the prime factors of 139929.
3, 46643
List the prime factors of 151714.
2, 31, 2447
List the prime factors of 5328856.
2, 13, 51239
List the prime factors of 2454444.
2, 3, 29, 2351
List the prime factors of 423349.
331, 1279
What are the prime factors of 7202453?
61, 71, 1663
List the prime factors of 6829743.
3, 61, 37321
List the prime factors of 462569.
462569
List the prime factors of 1752374.
2, 13, 67399
List the prime factors of 487653.
3, 53, 3067
What are the prime factors of 2986712?
2, 373339
List the prime factors of 1983171.
3, 61, 10837
What are the prime factors of 735107?
735107
What are the prime factors of 2413120?
2, 5, 7541
What are the prime factors of 801544?
2, 100193
What are the prime factors of 1294088?
2, 161761
List the prime factors of 9698574.
2, 3, 1616429
What are the prime factors of 3420385?
5, 31, 22067
What are the prime factors of 38238260?
2, 5, 19, 47, 2141
What are the prime factors of 162029?
7, 79, 293
What are the prime factors of 82735?
5, 16547
List the prime factors of 288034.
2, 79, 1823
List the prime factors of 24325550.
2, 5, 486511
List the prime factors of 307400.
2, 5, 29, 53
List the prime factors of 699160.
2, 5, 7, 11, 227
What are the prime factors of 642870?
2, 3, 5, 2381
List the prime factors of 18075.
3, 5, 241
What are the prime factors of 583998?
2, 3, 131, 743
What are the prime factors of 1321244?
2, 330311
List the prime factors of 7126165.
5, 373, 3821
List the prime factors of 86135.
5, 7, 23, 107
What are the prime factors of 7098847?
7, 1014121
List the prime factors of 207447.
3, 69149
What are the prime factors of 242710?
2, 5, 13, 1867
List the prime factors of 1925254.
2, 962627
List the prime factors of 2459052.
2, 3, 22769
What are the prime factors of 182630?
2, 5, 7, 2609
What are the prime factors of 934142?
2, 11, 42461
What are the prime factors of 6693611?
6693611
What are the prime factors of 857035?
5, 181, 947
What are the prime factors of 11257266?
2, 3, 1876211
What are the prime factors of 733369?
7, 13, 8059
What are the prime factors of 301004?
2, 11, 6841
What are the prime factors of 6217578?
2, 3, 109, 3169
List the prime factors of 12721962.
2, 3, 11, 192757
List the prime factors of 20335390.
2, 5, 79, 25741
List the prime factors of 2728685.
5, 19, 28723
List the prime factors of 239331.
3, 79777
List the prime factors of 958393.
958393
What are the prime factors of 1461760?
2, 5, 571
List the prime factors of 32440167.
3, 31, 116273
List the prime factors of 4483447.
4483447
List the prime factors of 65492.
2, 7, 2339
What are the prime factors of 12813?
3, 4271
List the prime factors of 64623.
3, 13, 1657
List the prime factors of 27606165.
3, 5, 743, 2477
What are the prime factors of 5483135?
5, 7, 41, 3821
List the prime factors of 1078218.
2, 3, 41, 487
What are the prime factors of 9680098?
2, 4840049
What are the prime factors of 2250655?
5, 11, 151, 271
List the prime factors of 196190.
2, 5, 23, 853
List the prime factors of 2483200.
2, 5, 97
List the prime factors of 625697.
625697
What are the prime factors of 973841?
11, 223, 397
List the prime factors of 562632.
2, 3, 7, 17, 197
List the prime factors of 15005016.
2, 3, 13, 17, 23, 41
List the prime factors of 28410435.
3, 5, 269, 2347
List the prime factors of 568478.
2, 31, 53, 173
What are the prime factors of 1079913?
3, 83, 4337
List the prime factors of 15254090.
2, 5, 1525409
What are the prime factors of 1371733?
11, 124703
List the prime factors of 4765204.
2, 1191301
What are the prime factors of 302267?
7, 29, 1489
List the prime factors of 18045800.
2, 5, 23, 3923
List the prime factors of 16730227.
17, 71, 83, 167
List the prime factors of 85765.
5, 17, 1009
What are the prime factors of 217895?
5, 43579
List the prime factors of 911487.
3, 19, 15991
What are the prime factors of 3048703?
7, 435529
What are the prime factors of 6976192?
2, 19, 5737
List the prime factors of 7671434.
2, 47, 81611
What are the prime factors of 459642?
2, 3, 76607
List the prime factors of 5949342.
2, 3, 7, 15739
What are the prime factors of 962151?
3, 137, 2341
List the prime factors of 923681.
11, 131, 641
What are the prime factors of 121520?
2, 5, 7, 31
What are the prime factors of 2837643?
3, 945881
List the prime factors of 2943540.
2,